h(f) = -12*f - 5. Let w = -9 - -4. Let m be h(w). What is the highest common factor of x and m?
11
Let w(q) = q**2 + 6*q - 7. Let i be w(-6). Let x be (-2)/i - (-1824)/84. Calculate the greatest common divisor of 22 and x.
22
Let o = -68 + 46. Let r = 35 + o. What is the greatest common factor of r and 39?
13
Let g = 15 - 10. Suppose -5 - 5 = -2*r. What is the greatest common divisor of g and r?
5
Suppose -5*s = -181 + 61. Let p = -15 + s. Calculate the highest common factor of 6 and p.
3
Let b = 38 - 37. Calculate the greatest common factor of 9 and b.
1
Suppose -i = -3*i - s - 32, 5*i + s = -74. Let v be (-1)/2 - 189/i. Calculate the greatest common factor of v and 39.
13
Let r be ((-180)/35)/((-1)/7). Let f be r/(3/1) - -1. What is the greatest common factor of 13 and f?
13
Let m = 9 + 11. What is the greatest common divisor of 30 and m?
10
Suppose 4*w + 4*v = 16, -28 = -0*w - 4*w - v. Let p(s) = s**2 + s + 3. Let i be p(-6). Let l = i - 17. Calculate the highest common divisor of l and w.
8
Let z be 3/2 + (-1)/(-2). Let b be 804/66 + z/(-11). Suppose -l = 2*l + 5*c - 80, -3*l + 2*c = -94. What is the greatest common factor of l and b?
6
Let f be (-46)/(-10) - 4/(-10). Suppose 137 = f*t - 63. Let k be 1 + 0 - (-48)/12. Calculate the greatest common divisor of t and k.
5
Let c(h) = -h - 4. Let y be c(-8). Suppose 18 = r + f - 15, -2*r = y*f - 62. Suppose 26 + 2 = 4*j. What is the greatest common factor of j and r?
7
Let k(i) = i**3 - 3*i**2 - 3*i - 3. Let v be k(4). Let m be 4/2 + 18 + v. Let s = 1 - -2. Calculate the greatest common divisor of s and m.
3
Suppose -5*n + 40 = -5*q + 270, -n = -4*q + 40. Let i be (2/4)/((-2)/n). Let r = i + -3. What is the greatest common divisor of 9 and r?
9
Suppose 0*q - 5*v + 26 = q, -5*v - 10 = -5*q. Calculate the highest common factor of 3 and q.
3
Suppose 0*p - 3*p + 24 = -3*w, 4*w = -4*p + 8. Let i be 3*(-1 + (-6)/w). Let g be 18/4*(-6)/(-9). Calculate the highest common divisor of g and i.
3
Let t(y) = y**2 - 8 + 19 - 9*y - 6 - 2*y**2. Let r be t(-9). Let k be (-4)/(-6) + (-163)/(-3). Calculate the greatest common divisor of r and k.
5
Let l be (-2)/8 - (-10)/8. Suppose 4*o - 30 = -4*h + 2*o, 10 = h + 3*o. Calculate the highest common factor of l and h.
1
Let f be (4/6)/(-2) + 24634/327. Let r be 16/(1/1) + -1. Calculate the highest common divisor of f and r.
15
Let d be (-2)/11 - 2780/(-44). What is the highest common divisor of 42 and d?
21
Suppose 0 = 4*c - 39 + 11. Suppose 95 - 11 = 3*x. Calculate the highest common divisor of c and x.
7
Let a be ((-20)/(-6))/(2/12). Suppose 55 = 5*l + a. Let u(g) = g**3 + 5*g**2 - g + 1. Let n be u(-4). Calculate the highest common factor of n and l.
7
Suppose 3*v - 4*a - 52 = 0, 0 = -v - 2*a + 14. What is the greatest common divisor of v and 16?
16
Suppose -8*o + 98 = -o. What is the highest common divisor of 14 and o?
14
Let c(h) = 9*h - 3 - h - h. Let b be c(3). What is the greatest common factor of 162 and b?
18
Let k(o) = -o + 10. Let r be k(5). Let g = 13 - 11. Suppose 0*h + 110 = g*h. What is the greatest common factor of h and r?
5
Let r(m) = m**3 + 2*m**2 + 16. Let p be r(0). Calculate the greatest common factor of 80 and p.
16
Suppose 0 = p - 3*p + a + 88, 217 = 5*p - a. Suppose 17 = -7*l - 11. Let y = p + l. Calculate the highest common divisor of 13 and y.
13
Let y(b) = -2*b**3 - 5*b**2 - b + 4. Let t be y(-3). Calculate the greatest common divisor of t and 4.
4
Suppose 2*v = -2*v + 8. Let y(s) = v + 2 - 5*s + 11*s**2 - 5 - 1. Let q be y(-3). Calculate the highest common divisor of 16 and q.
16
Suppose -4*c = -20 - 68. Suppose r - 204 = -3*d, d - 1061 = -5*r - 69. Calculate the greatest common factor of r and c.
22
Suppose -9*k + 205 + 497 = 0. What is the greatest common factor of 195 and k?
39
Suppose -3*m + 27 = 9. Suppose -4*q + 16 = -6*k + 2*k, 10 = 5*k. What is the greatest common divisor of m and q?
6
Let l be (-42)/(-5) - (-6)/(-15). Let o(h) = h**3 - 5*h**2 - h + 7. Let t be o(5). What is the greatest common divisor of l and t?
2
Let k(d) = -5 + 4*d + 0 + d**2 - 3. Let y be k(-8). What is the greatest common divisor of y and 16?
8
Let w be (-2)/3 - (-28)/24*4. Calculate the highest common divisor of w and 4.
4
Suppose -b + 5*b - 12 = 0. Suppose -4*t + 3 = 2*p + p, -5*t = -b*p + 30. Calculate the highest common divisor of 40 and p.
5
Let p(a) = -a**3 + 5*a**2 + 3*a - 1. Let i(n) = -6*n**3 + n. Let t be i(-1). Let o be p(t). Calculate the highest common divisor of o and 56.
14
Suppose -4*k + 30 + 34 = 0. Let d(h) = 5*h**2 + 2*h - 7. Let u be d(5). Calculate the highest common factor of u and k.
16
Let l = 141 + -122. Calculate the highest common factor of 247 and l.
19
Let y be ((-16)/10)/(6/(-300)). Suppose 0*j = -j + 32. Calculate the highest common factor of j and y.
16
Suppose -2*q + 7*q = 10. Suppose -5*c + 3*c = 0, q*w + 5*c = 6. Suppose w*v = 209 + 253. Calculate the highest common factor of v and 14.
14
Let a be 24/6*(-6)/(-8). Let l(n) = 2*n**2 + 2. Let z be l(a). Calculate the highest common factor of 30 and z.
10
Let x(y) = 4*y**2 - 6*y - 1. Let h be x(3). Calculate the highest common divisor of 51 and h.
17
Suppose -1 = m - 10. Suppose -2*o - 2*t + 0*t + 132 = 0, -312 = -5*o + t. What is the highest common divisor of o and m?
9
Let q(b) = -b**2 + 8*b - 7. Let k be q(6). Suppose -3*r = 3 - 0, -85 = -2*v + k*r. Let z be (-2 - 0)*v/(-2). What is the greatest common factor of 5 and z?
5
Let k(t) = t**3 + 11*t**2 + 8*t - 3. Let z be k(-8). Calculate the highest common factor of z and 50.
25
Suppose -5*o = -o - 8, 2*r + 3*o - 12 = 0. Suppose -4*p = -r*p. Suppose p = d - 9. What is the greatest common factor of 18 and d?
9
Suppose -69 = -6*d + 45. What is the greatest common divisor of d and 19?
19
Let v = -59 + 64. Calculate the greatest common factor of v and 15.
5
Suppose -8*c = 4*c - 1008. Calculate the highest common factor of c and 12.
12
Let k = 13 + -1. Suppose -5*j + 15 + 0 = 0. Let f be (-13 + 5)/(1 - j). Calculate the greatest common factor of k and f.
4
Suppose 21 = t - g - 3, t - 18 = 4*g. What is the greatest common divisor of t and 39?
13
Suppose 0 = -4*l + 3*d + 1504, -5*l = -d - 2013 + 133. Calculate the highest common factor of 47 and l.
47
Let h be (-2)/(-4) - (-14)/(-4). Let p be (h + 24)*16/6. What is the highest common divisor of 8 and p?
8
Let a = -16 - -25. Suppose 4*w + w - 15 = 0. Suppose 2*h = 3*r + 213, w*h - 282 = -6*r + 3*r. Calculate the greatest common divisor of a and h.
9
Let h = -19 - -40. Calculate the highest common divisor of 21 and h.
21
Let i = 26 - 16. Let p = -80 - -95. What is the greatest common factor of i and p?
5
Let x(k) be the third derivative of -k**4/6 - 17*k**3/6 + 6*k**2. Let z be x(-7). What is the highest common factor of 110 and z?
11
Suppose 5*l - 49 = -5*b + 71, 2*b - 5*l = 76. Let g = -15 + b. Calculate the greatest common divisor of 117 and g.
13
Let r(o) = o**3 - 7*o**2 + 6*o + 1. Let j be r(6). Let b = 76 + j. What is the highest common factor of 7 and b?
7
Let d(z) = 10*z**2 - 7*z - 6. Let v be d(-2). Calculate the greatest common factor of 32 and v.
16
Let o = 292 - 178. Calculate the highest common factor of o and 38.
38
Let t(b) be the third derivative of -7*b**4/12 + b**3/3 + 4*b**2. Let n be t(-2). What is the highest common factor of n and 12?
6
Let z be 10/(-4)*(-96)/60. Let k be 2/1*(-3 - -25). What is the greatest common divisor of k and z?
4
Suppose -5 + 0 = 5*p. Let i be (-8)/3*p*3. Let v = -39 - -71. What is the greatest common factor of v and i?
8
Let z(q) = q + 2. Let f be z(5). Let a be 1/8*2*4. Let i be (2*a)/((-4)/(-154)). What is the highest common divisor of i and f?
7
Suppose t - 21 = -2. What is the highest common factor of 19 and t?
19
Let n be (-7 + 1)/((-15)/40). Calculate the greatest common factor of 2 and n.
2
Let i(l) = -19*l - 2. Let s be i(-3). Suppose -5 - 7 = -4*p. Suppose -p*w + 19 = -2*k, 2*k - 6 = 2*w - 4*w. What is the highest common factor of w and s?
5
Let d = -5 + 7. Let b be d*(3 + 2 + -1). What is the highest common factor of b and 64?
8
Let t = -239 - -383. Let k = 17 - -1. What is the greatest common factor of k and t?
18
Suppose -u = -g, g = -3*u + 3 + 5. Suppose x = -u*x + 78. Calculate the highest common divisor of x and 65.
13